ppose -2*r = u*r - s. Is r a composite number?
False
Suppose 0*p + p = -375. Let l = p + 544. Suppose -2*r - 153 = -3*n, -l = -3*n - r - 16. Is n prime?
False
Let b = -559 - -352. Suppose 3*n + 3*d = -381, -346 = 3*n - 0*d - 4*d. Let h = n - b. Is h composite?
True
Suppose -5*g + 4*s + 7 = -0*g, 6 = 3*s. Suppose 4*z = 17 + 27. Suppose g*d - z - 142 = 0. Is d a composite number?
True
Let q be 6/39 - (-89)/13. Suppose 2*j - 3*s = 30, -4*s + q + 4 = 3*j. Let y = j - -5. Is y a prime number?
False
Is (13/2 + -4)*(-844)/(-10) composite?
False
Suppose -h - q - 4 = 2, -2*h - q - 8 = 0. Is 32/24*(-123)/h prime?
False
Let o(t) = -2*t**2 + 6*t**3 - 1 + 17*t**2 - 12*t - 9*t**3 + 2*t**3. Is o(10) prime?
True
Suppose -5*x = -854 - 1351. Suppose 0 = 5*i - 304 - x. Is i composite?
False
Let z(a) = -a**3 + 2*a**2. Let c be z(1). Let b = 3 - c. Suppose -b*r - 2*v = r - 101, 0 = -2*r + 5*v + 42. Is r a composite number?
False
Suppose 3*s + 13 = -26. Let v = 69 + s. Suppose -3*o + v = -190. Is o a composite number?
True
Let u(d) = -d**3 - 8*d**2 + 10. Let v be u(-8). Let n(o) = o**3 - 9*o**2 - 6*o - 3. Is n(v) prime?
True
Suppose 0 = 4*t - 9*t + 205. Let y = 62 - t. Is y prime?
False
Let b = 190 + 69. Is b prime?
False
Let h = -54 - -107. Is h composite?
False
Let t(k) = k**2 + 11*k - 8. Let x be t(-11). Let q(n) = -n - 4. Is q(x) prime?
False
Let r = 685 + 582. Is r prime?
False
Let r(b) be the second derivative of -1/2*b**2 - b - b**3 + 0 + 1/12*b**4. Is r(-6) prime?
True
Suppose -289 - 613 = -2*n. Is n a composite number?
True
Let p be (2 - -3)*9 - 0. Suppose 17 = 2*j - p. Is j a prime number?
True
Let s(u) = -14*u + 5. Suppose -v = -4*v + 18. Suppose 2*b + 6 = -v. Is s(b) a composite number?
False
Let m(b) = -44*b + 3. Is m(-4) a composite number?
False
Suppose q + 1 - 6 = 0, 4*w - 5031 = q. Is w composite?
False
Is 111/(-2)*6/(-9) a prime number?
True
Let p(x) = -x**2 - 8*x + 7. Let v be p(-8). Is 183 + v/((-14)/(-4)) a prime number?
False
Let b(f) = 3369*f**2 - 9*f - 9. Is b(-1) a composite number?
True
Suppose -g = -5*p - 43, 0 = 5*p - 3*p + g + 20. Is (-4)/(-18) - 2005/p a composite number?
False
Suppose 0*z + z + 4*b = 15, 5*b - 60 = -5*z. Let q = z + -7. Suppose -v = -q - 5. Is v a prime number?
False
Let o(x) = -42*x + 7. Is o(-6) a prime number?
False
Let y = 2 + 2. Is 22/(-3*y/(-30)) a composite number?
True
Let i be (1 - 2)*(-313 + 5). Suppose 4*a = i - 96. Is a a composite number?
False
Suppose 19*t = 18*t + 381. Is t a composite number?
True
Let u be (-1)/(-5) - 4/(-5). Let m(b) = 145*b**2. Is m(u) composite?
True
Let t(d) = 15*d**2 + 3*d + 5. Is t(-7) a composite number?
False
Suppose -3*n + 0*n = -90. Let w = n - -1. Is w composite?
False
Is 145 - 6*(-2)/(-4) prime?
False
Let r be (-1 + 1/2)*-2. Suppose 0 = -5*c - r - 9. Is 31/4*-2*c a composite number?
False
Let y(i) = -i**3 + 6*i**2 - 5*i + 3. Suppose 0*w - 1 = w, 2*j + w = 9. Is y(j) prime?
True
Suppose -3*a = -5*a + 20. Let v = a - 5. Suppose -r + 4*f = -267, v*f - 88 = r - 359. Is r prime?
True
Suppose 0 = -3*o + 1044 - 150. Let k = -211 + o. Is k prime?
False
Suppose 0 = 3*u - 5 - 4. Suppose 10 = 5*d, -u*h + h - d = 8. Is (4/h)/(18/(-855)) a composite number?
True
Let r = 560 - 295. Is r a composite number?
True
Let j(y) = y**3 + 4*y + 3*y + 1 + y**2 - 5*y - 4*y. Let k be j(-2). Let a(w) = 36*w**3 + 2*w - 1. Is a(k) a composite number?
False
Let i = -6 - -8. Suppose 0 = -4*a + 5*v + 498, 6 = v + i*v. Is a a composite number?
False
Let q(y) = 6*y**2 + 4*y - 2. Let b be q(5). Suppose v = -27 + b. Suppose 0*t + v = 3*t. Is t composite?
False
Suppose c - 4*c = -21. Let o(a) = 26*a + 5. Is o(c) composite?
True
Let f(k) = -k - 2. Let y be f(-6). Suppose 0 = y*p - 4, 192 = 3*s + 2*s - 3*p. Is s + -1 + (-1 - 0) composite?
False
Suppose 637 = 3*h - j, 5*h - 3*j - 1067 = -0*j. Is h prime?
True
Let h(d) = 6*d. Let t be h(1). Let k(f) = f**3 + 2*f**2 + 3*f + 1. Let s be k(t). Suppose -c + 8 = 5*q - 56, 3*q - s = -4*c. Is c a prime number?
True
Let t(n) = n**2 + 4*n + 6. Let c be t(-6). Suppose c - 8 = 5*o. Suppose 0*a - 812 = -4*l + o*a, 3*a - 609 = -3*l. Is l composite?
True
Suppose 0 = 5*j - 5*l - 25, -3*l = 8*j - 4*j - 6. Suppose x - j = -1. Suppose -7*p + 70 = -x*p. Is p composite?
True
Suppose 57*n = 52*n + 4555. Is n composite?
False
Suppose -a + 3*d = d - 365, 0 = 2*a + 2*d - 754. Is a composite?
False
Let h = 1 + 5. Suppose h = 5*u - 24. Is u prime?
False
Is (-7510)/(-3) + -1 + 8/12 a composite number?
False
Suppose -5*n = -n - 8. Suppose 0 = 2*t - 3*i + 5*i - 4, -n*t = -i - 7. Is t a prime number?
True
Let i(v) = -v**3 + 6*v**2 - v + 7. Let f be i(6). Is ((-4)/(-12))/(f/57) composite?
False
Let z = 2 + -1. Is z - -44*6/3 a prime number?
True
Suppose -385 = 2*m - 7*m. Is (52 + -1)*m/33 prime?
False
Suppose -4*x - 1890 = 1102. Let o = -483 - x. Is o a composite number?
True
Let r(o) = 13*o - 11. Is r(6) composite?
False
Let k be 12/2*1/(-2). Let j = k + 26. Is j prime?
True
Is 3549/14 - (-1)/(-1*2) prime?
False
Let w(l) = 45*l + 52. Is w(23) composite?
False
Let r be (-27)/(-2)*220/15. Suppose 5*i + 13 = r. Is i composite?
False
Let n = -7 - -46. Is n a composite number?
True
Let y = -19 - -199. Let j = y - 111. Is j composite?
True
Let m(n) = -n**2 + n - 1. Let u(z) = 350*z**2 + 6*z - 6. Let s(c) = -5*m(c) + u(c). Is s(1) prime?
False
Let l(y) = 300*y**2 - 3*y - 2. Is l(-1) a prime number?
False
Suppose 2*n = -0*n - 2*q, 15 = -5*q. Suppose 2*x + 5*v - 2 = 0, n*v = -x - x + 10. Is x a composite number?
False
Is 96/(-18) + 6 + 5335/3 composite?
True
Suppose 4 + 7 = -2*c + t, -10 = c - 2*t. Let l be 6/c - (-3)/6. Is 8 + -6 + (l - -30) a composite number?
False
Let v be 2*(-1 - (-1)/(-2)). Let x be 6/v + 2*1. Suppose -r + 5*o - 6 = x, -r - 2*o = o - 26. Is r composite?
True
Let o(l) = -28*l + 10. Is o(-3) a prime number?
False
Let v be (12/(-8))/(3/(-4)). Suppose -7*j + v*j = -545. Is j a composite number?
False
Let q(b) = b + 5. Let j be q(-5). Let k(v) = v**3 - v**2 + 109. Is k(j) a prime number?
True
Let f be (11 - 5) + 2/(-1). Suppose f*l = 2*x - 12, 2 = 5*x - x + 3*l. Is ((-23)/x)/(2/(-4)) a composite number?
False
Suppose 4*c - 137 = 3*b, -4*c + 116 = -3*b + 7*b. Let r(j) = -6*j - 7. Let u be r(-10). Let s = u - c. Is s composite?
True
Let n be (5 - 27)*1/2. Let y = 11 - n. Is y/(-4)*(-42)/3 composite?
True
Let x = -16 + 7. Let q be (-46)/(-10) - x/(-15). Suppose 0 = -q*c + 3*i + 65, 3*c + 5*i = i + 30. Is c prime?
False
Let f be (-2)/(-9) - (-136)/36. Suppose m + 222 = f*o - 0*m, 2*m = -4. Is o a composite number?
True
Suppose -i + 3*i - 4 = 0. Suppose -i*b - 2*b = -2*s + 8, -3*s - 3*b + 57 = 0. Is s composite?
True
Suppose -a - 40 = -5*y, -a - 24 = -0*y - 3*y. Let n be (4/6)/(y/36). Is (n/(-4))/((-1)/20) a prime number?
False
Let b be 46/6 + 1/3. Let z = 10 - -28. Is z/b*8/2 a composite number?
False
Let w(l) = -3*l**3 - 4*l**2 - 8*l - 1. Is w(-8) a composite number?
True
Let g = 546 + -287. Is g a prime number?
False
Let l(h) = 3*h**2 - 4*h + 1. Let c = -3 - -6. Let k be l(c). Suppose 5 + k = p. Is p a composite number?
True
Let u = -7 + 9. Let c be u/(-1)*(-129)/6. Let h = 120 + c. Is h a composite number?
False
Let s(r) = 7*r**2 + 3*r - 3. Let x be s(-3). Let d = 278 + -166. Suppose -5*g = v - 400, 2*g - d - x = -v. Is g a composite number?
False
Suppose -82*p - 1283 = -83*p. Is p composite?
False
Let z(h) = -h**2 - 8*h + 11. Let f = -15 + 7. Is z(f) a prime number?
True
Let l be (-53)/(-3)*(-3 + -63). Let f = -667 - l. Is f prime?
True
Let a(u) = 5*u**3 - 26*u**2 - 7*u - 10. Let y(c) = 2*c**3 - 9*c**2 - 2*c - 3. Let w = 5 - -3. Let r(d) = w*y(d) - 3*a(d). Is r(-5) a prime number?
False
Suppose 2*u + 7 + 121 = 0. Is u/(-1) + -12 + 15 a composite number?
False
Let m(o) = -4*o**3 + 2*o + 1. Let k be m(-1). Suppose 2*p - p - k = 0. Suppose 106 = p*z - 89. Is z prime?
False
Suppose -3*u = -8*u + 4*l + 42, 4*u = -2*l + 18. Let h(s) be the third derivative of s**5/60 - s**3/2 + 4*s**2. Is h(u) composite?
True
Suppose -3 - 2 = -q. Suppose -27 = 5*g - 2*u, -q*u + 0*u + 30 = -5*g. Let b = g - -18. Is b composite?
False
Let v(k) = 0*k**3 + 7*k**2 + 2*k**3 + 5 + 4*k**3 - 5*k**3. Let q be v(-7). Suppose 0 = -q*m + 3*m + 86. Is m a prime number?
True
Suppose -o + 76 = 5*l - 107, -2*o + 330 = l